ert -31322 (base 5) to base 4.
-200213
What is -262 (base 15) in base 11?
-453
Convert 4a3 (base 11) to base 12.
419
-111111 (base 3) to base 4
-11230
-1007a (base 11) to base 5
-432403
What is e3f7 (base 16) in base 8?
161767
What is 2221 (base 4) in base 12?
121
Convert -10122221 (base 3) to base 16.
-a6f
What is -3360 (base 8) in base 6?
-12120
Convert -79 (base 11) to base 5.
-321
12121011 (base 3) to base 12
2441
726 (base 11) to base 2
1101101011
-11110100011000 (base 2) to base 10
-15640
Convert 777 (base 8) to base 12.
367
What is 442 (base 9) in base 14?
1bc
What is 4347 (base 14) in base 13?
53a5
Convert -19c0 (base 13) to base 12.
-22aa
What is 171 (base 13) in base 4?
10011
What is 112 (base 14) in base 13?
134
What is 1020221 (base 3) in base 14?
496
Convert 1b59 (base 12) to base 13.
1701
4364 (base 7) to base 9
2128
-1043 (base 5) to base 7
-301
Convert 5134 (base 6) to base 7.
3214
Convert -1441 (base 6) to base 14.
-1d7
-b154 (base 12) to base 6
-224544
-1c19 (base 14) to base 9
-7017
Convert -22121001 (base 3) to base 14.
-23d7
Convert -1415 (base 7) to base 6.
-2315
What is -7963 (base 12) in base 8?
-32233
-6617 (base 13) to base 10
-14216
9a (base 11) to base 2
1101101
Convert 10720 (base 8) to base 2.
1000111010000
What is 11461 (base 7) in base 3?
11002111
-32431 (base 5) to base 8
-4301
-5b1 (base 13) to base 3
-1100122
Convert -20545 (base 6) to base 11.
-2117
5 (base 9) to base 3
12
-21330 (base 4) to base 5
-10021
Convert 610 (base 9) to base 13.
2c1
Convert -2bb (base 12) to base 6.
-1555
255a1 (base 12) to base 4
30130021
-101213 (base 4) to base 3
-1112202
1201 (base 8) to base 16
281
10110001100 (base 2) to base 12
9a4
What is 6936 (base 16) in base 11?
19266
What is 1064 (base 9) in base 7?
2203
Convert -101626 (base 7) to base 9.
-25854
Convert 6c6 (base 16) to base 11.
1337
What is -4221 (base 6) in base 11?
-793
Convert -27075 (base 12) to base 14.
-157a9
6413 (base 13) to base 2
11011000110010
-1247 (base 9) to base 11
-77a
What is 251 (base 10) in base 4?
3323
Convert 1656 (base 8) to base 10.
942
34312 (base 6) to base 2
1001100000100
What is -541 (base 9) in base 4?
-12322
What is -40302 (base 7) in base 15?
-2d53
What is -26aa9 (base 12) in base 10?
-53409
-511 (base 12) to base 15
-33d
-a33 (base 12) to base 16
-5c7
-1187 (base 16) to base 6
-32435
2789 (base 11) to base 12
2106
-111222 (base 3) to base 9
-458
-60842 (base 10) to base 13
-21902
Convert 63 (base 8) to base 2.
110011
Convert 1b8b (base 15) to base 5.
142411
1af (base 16) to base 5
3211
What is -621 (base 12) in base 2?
-1101111001
What is 1410020 (base 5) in base 11?
1a676
-2241 (base 9) to base 10
-1657
1440 (base 6) to base 5
3014
Convert 621 (base 8) to base 4.
12101
What is -697 (base 10) in base 14?
-37b
Convert 172c5 (base 14) to base 15.
12394
What is -99dc (base 15) in base 14?
-bc51
What is -1002 (base 7) in base 2?
-101011001
What is -379 (base 12) in base 10?
-525
What is -7517 (base 14) in base 11?
-14202
5210 (base 8) to base 12
1688
-55 (base 16) to base 13
-67
Convert -1141 (base 6) to base 2.
-100010101
What is 102011220 (base 3) in base 7?
32523
What is 2200220 (base 4) in base 5?
312110
What is 343203 (base 5) in base 4?
3000033
-7a0 (base 12) to base 14
-5a8
310212 (base 5) to base 8
23511
What is -447 (base 13) in base 11?
-609
What is -11000110000 (base 2) in base 16?
-630
What is -10336 (base 7) in base 10?
-2575
4318 (base 9) to base 16
c68
Convert -1001111010000 (base 2) to base 12.
-2b28
4377 (base 8) to base 10
2303
1b00 (base 12) to base 7
12441
What is -9a8 (base 15) in base 14?
-b1d
-202012 (base 3) to base 7
-1406
What is 2a8 (base 15) in base 12?
428
Convert -1488 (base 11) to base 15.
-876
-229 (base 14) to base 10
-429
402311 (base 5) to base 6
135223
Convert -4463 (base 8) to base 5.
-33410
Convert -25744 (base 9) to base 2.
-100001111011110
Convert 8485 (base 10) to base 2.
10000100100101
What is -2121001 (base 3) in base 7?
-5341
-1345 (base 16) to base 5
-124213
What is -22454 (base 7) in base 10?
-5723
What is -100101000 (base 2) in base 13?
-19a
What is 72 (base 15) in base 11?
98
2134 (base 6) to base 14
270
Convert 671 (base 9) to base 8.
1046
Convert -36766 (base 11) to base 14.
-15376
What is 394 (base 11) in base 2?
111010010
-4687 (base 10) to base 16
-124f
-253563 (base 7) to base 12
-231b6
Convert 13072 (base 9) to base 11.
6692
Convert 4440 (base 10) to base 11.
3377
What is 100240 (base 5) in base 4?
301323
Convert 366 (base 9) to base 5.
2203
1012 (base 9) to base 14
3ac
What is 15cb (base 13) in base 9?
4355
What is -1724 (base 10) in base 14?
-8b2
-5510 (base 12) to base 3
-110212010
Convert 1001110101 (base 2) to base 4.
21311
Convert 1f2 (base 16) to base 8.
762
550 (base 10) to base 11
460
-26139 (base 11) to base 16
-9237
Convert -2734 (base 8) to base 11.
-1144
What is -125 (base 7) in base 8?
-104
-2802 (base 12) to base 2
-1001000000010
Convert 260 (base 8) to base 5.
1201
Convert 1202 (base 5) to base 12.
129
What is 10001100 (base 2) in base 16?
8c
361 (base 12) to base 6
2201
Convert 26306 (base 7) to base 13.
3266
20002 (base 3) to base 6
432
-1431 (base 6) to base 11
-315
What is 14433 (base 5) in base 13?
748
4302313 (base 5) to base 7
420343
8371 (base 13) to base 6
220051
What is 120122 (base 4) in base 5?
22222
Convert 11337 (base 9) to base 5.
220232
What is -4e (base 15) in base 5?
-244
Convert -5488 (base 13) to base 10.
-11773
What is -102001011 (base 3) in base 5?
-224200
What is -37281 (base 9) in base 2?
-110000110111101
What is 1230 (base 4) in base 11?
99
What is 423 (base 12) in base 3?
211100
-123043 (base 6) to base 14
-404b
What is 123236 (base 9) in base 5?
4341203
What is -107 (base 15) in base 7?
-451
What is -1762 (base 12) in base 10?
-2810
What is 102323 (base 6) in base 8?
20213
Convert 3094 (base 14) to base 2.
10000010101010
Convert 3b1 (base 12) to base 16.
235
Convert 717 (base 9) to base 14.
2d9
Convert -c725 (base 15) to base 3.
-2010202122
-3440 (base 5) to base 4
-13233
Convert -4688 (base 11) to base 16.
-1802
Convert -101110211 (base 3) to base 7.
-31156
Convert 12032 (base 5) to base 2.
1101111100
280 (base 11) to base 4
11022
2001222 (base 3) to base 10
1511
Convert 110010110100000 (base 2) to base 5.
1313031
-501 (base 16) to base 8
-2401
2015 (base 6) to base 12
30b
Convert 10a5 (base 11) to base 6.
10410
What is -211111 (base 3) in base 9?
-744
What is -8997 (base 16) in base 11?
-24511
2233430 (base 5) to base 15
bc2a
-6231 (base 10) to base 4
-1201113
Convert -17919 (base 10) to base 3.
-220120200
Convert 2d32 (base 14) to base 5.
224310
Convert -1031312 (base 5) to base 2.
-100010100101011
What is 55ce (base 15) in base 10?
18194
Convert 110212 (base 4) to base 7.
3562
-52514 (base 6) to base 13
-3304
Convert 122232 (base 4) to base 2.
11010101110
-279 (base 14) to base 15
-234
What is -1074 (base 8) in base 16?
-23c
-30414 (base 9) to base 3
-1000110111
What is -4a (base 15) in base 6?
-154
What is -162 (base 12) in base 8?
-332
Convert 5dc (base 15) to base 13.
7b6
8c39 (base 15) to base 3
1111211000
-16d13 (base 15) to base 6
-1325430
-1663 (base 9) to base 11
-a57
Convert 1284 (base 10) to base 8.
2404
What is 1302 (base 7) in base 3?
200020
What is -1022 (base 10) in base 3?
-1101212
Convert b739 (base 14) to base 16.
7b77
1110001101110 (base 2) to base 13
340b
What is 6437 (base 14) in base 5?
1023142
What is -1322 (base 4) in base 7?
-233
What is -352413 (base 6) in base 12?
-15709
What is 21020 (base 7) in base 15?
17de
cc8 (base 13) to base 11
1713
Convert 22023201 (base 4) to base 2.
1010001011100001
-23646 (base 7) to base 2
-1100000001111
Convert 1083 (base 10) to base 6.
5003
What is 403241 (base 5) in base 6?
135534
Convert -1001101 (base 2) to base 5.
-302
1110110000110100 (base 2) to base 7
341202
d0c (base 16) to base 11
2567
-19b7 (base 12) to base 5
-100123
Convert 233013 (base 4) to base 6.
21543
Convert 2869 (base 16) to base 6.
115521
Convert -10717 (base 13) to base 7.
-152530
24931 (base 10) to base 6
311231
What is -1301 (base 8) in base 16?
-2c1
Convert 2843 (base 9) to base 12.
12a9
Convert -11011111001 (base 2) to base 5.
-24120
52734 (base 10) to base 3
2200100010
Convert 7532 (base 14) to base 6.
233